{"id":29,"date":"2022-08-07T08:55:36","date_gmt":"2022-08-07T08:55:36","guid":{"rendered":"https:\/\/officebucuresti.ro\/?page_id=29"},"modified":"2024-03-31T07:09:41","modified_gmt":"2024-03-31T07:09:41","slug":"servicii-seo-prima-pagina-pe-google","status":"publish","type":"page","link":"https:\/\/officebucuresti.ro\/?page_id=29","title":{"rendered":"Servicii SEO"},"content":{"rendered":"<div class=\"nv-page-title-wrap nv-big-title\">\n<div class=\"nv-page-title \">\n<h1><strong>SERVICII SEO PRIMA PAGINA PE GOOGLE<\/strong><\/h1>\n<p><strong>SERVICII SEO PRIMA PAGINA<\/strong><\/p>\n<h2>Audit SEO \/ Optimizare site \/ Link Building \/ Monitorizare<\/h2>\n<p>&nbsp;<\/p>\n<h2>Audit SEO<\/h2>\n<p>Auditul presupune o analiz\u0103 de cuvinte cheie din site potrivit cerintelor clientului Asa incat lucr\u0103m \u00eempreun\u0103 pentru a determina unde reu\u0219e\u0219te strategia dvs. actual\u0103 de SEO \u0219i unde este nevoie de lucru. De asemenea, v\u0103 spunem unde s\u0103 v\u0103 pune\u021bi timpul, energia \u0219i resursele pentru a ob\u021bine cea mai bun\u0103 rentabilitate a investi\u021biei \u0219i astfel pute\u021bi ajunge pe prima pagin\u0103 a C\u0103ut\u0103rii Google.<\/p>\n<p>&nbsp;<\/p>\n<h2>Optimizare site<\/h2>\n<p>Dupa realizarea auditului si acordul asupra cuvintelor cheie urmeaza compunerea continutului si a structurii site ului in acord cu desitatea, formatul si dimensionarea cuvintelor cheie.<\/p>\n<p>&nbsp;<\/p>\n<\/div>\n<\/div>\n<h2>Link Building<\/h2>\n<p>&nbsp;<\/p>\n<h4>Ce este construirea de link-building \u0219i de ce este important\u0103?<\/h4>\n<p>Crearea de link-building este procesul de c\u0103utare activ\u0103 a backlink-urilor de la un alt site web \u00eenapoi la al t\u0103u.<\/p>\n<p>A avea link-building de \u00eenalt\u0103 calitate c\u0103tre site-ul t\u0103u este unul dintre cei mai importan\u021bi factori de clasare ai Google. Este un semnal cheie de \u00eencredere pentru motoarele de c\u0103utare \u0219i un indiciu c\u0103 oamenilor le place con\u021binutul \u0219i marca dvs.<\/p>\n<p>Pentru a realiza acest lucru pot fi folosite o serie de strategii etice de creare de linkuri, inclusiv crearea de linkuri rupte, postarea invita\u021bilor \u0219i campanii de informare pentru a le ar\u0103ta oamenilor con\u021binutul t\u0103u incredibil.<\/p>\n<p>&nbsp;<\/p>\n<h4>Ce este un serviciu de link-building?<\/h4>\n<p>Un serviciu de link-building este o companie sau o platform\u0103 care v\u0103 va ajuta s\u0103 accelera\u021bi num\u0103rul de backlink-uri c\u0103tre site-ul dvs.<\/p>\n<p>De\u0219i sun\u0103 grozav, problema este c\u0103 serviciile de creare de link-building de calitate autentic\u0103 sunt greu de g\u0103sit, mul\u021bi furnizori ajung\u00e2nd pur \u0219i simplu s\u0103 ob\u021bin\u0103 linkuri de calitate sc\u0103zut\u0103 prin strategii de spam pe care Google nu le place.<\/p>\n<p>De aceea, am \u00eentocmit o list\u0103 cu cele mai bune servicii de creare de leg\u0103turi care s\u0103 v\u0103 ajute s\u0103 ob\u021bine\u021bi rezultate SEO \u00eembun\u0103t\u0103\u021bite \u00eentr-un mod etic, cu p\u0103l\u0103rie alb\u0103.<\/p>\n<p>&nbsp;<\/p>\n<h2>Monitorizare<\/h2>\n<p>Dupa implementarea astestor masuri urmeaza monitorizarea progresului in obtinerea rezultatului serviciilor SEO implementate pentru a ajunge pe prima pagina in GOOGLE<\/p>\n<div class=\"nv-page-title-wrap nv-big-title\">\n<div class=\"nv-page-title \"><\/div>\n<\/div>\n<div class=\"nv-content-wrap entry-content\">\n<h4><\/h4>\n<\/div>\n","protected":false},"excerpt":{"rendered":"<p>SERVICII SEO PRIMA PAGINA PE GOOGLE SERVICII SEO PRIMA PAGINA Audit SEO \/ Optimizare site \/ Link Building \/ Monitorizare &nbsp; Audit SEO Auditul presupune o analiz\u0103 de cuvinte cheie<\/p>\n<p><a href=\"https:\/\/officebucuresti.ro\/?page_id=29\" class=\"av-btn av-btn-secondary av-btn-bubble\">Continue Reading<span class=\"screen-reader-text\">Servicii SEO<\/span><i class=\"fa fa-arrow-right\"><\/i><span class=\"bubble_effect\"><span class=\"circle top-left\"><\/span><span class=\"circle top-left\"><\/span><span class=\"circle top-left\"><\/span><span class=\"button effect-button\"><\/span><span class=\"circle bottom-right\"><\/span><span class=\"circle bottom-right\"><\/span><span class=\"circle bottom-right\"><\/span><\/span><\/a><\/p>\n","protected":false},"author":1,"featured_media":0,"parent":0,"menu_order":0,"comment_status":"closed","ping_status":"closed","template":"","meta":{"footnotes":""},"class_list":["post-29","page","type-page","status-publish","hentry"],"yoast_head":"<!-- This site is optimized with the Yoast SEO plugin v27.5 - https:\/\/yoast.com\/product\/yoast-seo-wordpress\/ -->\n<title>Servicii SEO - SERVICII SEO PRIMA PAGINA<\/title>\n<meta name=\"description\" content=\"Dupa implementarea astestor masuri urmeaza monitorizarea progresului in obtinerea rezultatului serviciilor SEO implementate pentru a ajunge pe prima pagina in GOOGLE\" \/>\n<meta name=\"robots\" content=\"index, follow, max-snippet:-1, max-image-preview:large, max-video-preview:-1\" \/>\n<link rel=\"canonical\" href=\"https:\/\/officebucuresti.ro\/?page_id=29\" \/>\n<meta property=\"og:locale\" content=\"ro_RO\" \/>\n<meta property=\"og:type\" content=\"article\" \/>\n<meta property=\"og:title\" content=\"Servicii SEO - SERVICII SEO PRIMA PAGINA\" \/>\n<meta property=\"og:description\" content=\"Dupa implementarea astestor masuri urmeaza monitorizarea progresului in obtinerea rezultatului serviciilor SEO implementate pentru a ajunge pe prima pagina in GOOGLE\" \/>\n<meta property=\"og:url\" content=\"https:\/\/officebucuresti.ro\/?page_id=29\" \/>\n<meta property=\"og:site_name\" content=\"SERVICII SEO PRIMA PAGINA\" \/>\n<meta property=\"article:modified_time\" content=\"2024-03-31T07:09:41+00:00\" \/>\n<meta name=\"twitter:card\" content=\"summary_large_image\" \/>\n<meta name=\"twitter:label1\" content=\"Timp estimat pentru citire\" \/>\n\t<meta name=\"twitter:data1\" content=\"2 minute\" \/>\n<script type=\"application\/ld+json\" class=\"yoast-schema-graph\">{\"@context\":\"https:\\\/\\\/schema.org\",\"@graph\":[{\"@type\":\"WebPage\",\"@id\":\"https:\\\/\\\/officebucuresti.ro\\\/?page_id=29\",\"url\":\"https:\\\/\\\/officebucuresti.ro\\\/?page_id=29\",\"name\":\"Servicii SEO - SERVICII SEO PRIMA PAGINA\",\"isPartOf\":{\"@id\":\"https:\\\/\\\/officebucuresti.ro\\\/#website\"},\"datePublished\":\"2022-08-07T08:55:36+00:00\",\"dateModified\":\"2024-03-31T07:09:41+00:00\",\"description\":\"Dupa implementarea astestor masuri urmeaza monitorizarea progresului in obtinerea rezultatului serviciilor SEO implementate pentru a ajunge pe prima pagina in GOOGLE\",\"breadcrumb\":{\"@id\":\"https:\\\/\\\/officebucuresti.ro\\\/?page_id=29#breadcrumb\"},\"inLanguage\":\"ro-RO\",\"potentialAction\":[{\"@type\":\"ReadAction\",\"target\":[\"https:\\\/\\\/officebucuresti.ro\\\/?page_id=29\"]}]},{\"@type\":\"BreadcrumbList\",\"@id\":\"https:\\\/\\\/officebucuresti.ro\\\/?page_id=29#breadcrumb\",\"itemListElement\":[{\"@type\":\"ListItem\",\"position\":1,\"name\":\"Prima pagin\u0103\",\"item\":\"https:\\\/\\\/officebucuresti.ro\\\/\"},{\"@type\":\"ListItem\",\"position\":2,\"name\":\"Servicii SEO\"}]},{\"@type\":\"WebSite\",\"@id\":\"https:\\\/\\\/officebucuresti.ro\\\/#website\",\"url\":\"https:\\\/\\\/officebucuresti.ro\\\/\",\"name\":\"SERVICII SEO PRIMA PAGINA\",\"description\":\"SEO PRIMA PAGINA pe GOOGLE 0786851242\",\"publisher\":{\"@id\":\"https:\\\/\\\/officebucuresti.ro\\\/#\\\/schema\\\/person\\\/6d50bb9909d8fc05f239c4d1440ef0c3\"},\"potentialAction\":[{\"@type\":\"SearchAction\",\"target\":{\"@type\":\"EntryPoint\",\"urlTemplate\":\"https:\\\/\\\/officebucuresti.ro\\\/?s={search_term_string}\"},\"query-input\":{\"@type\":\"PropertyValueSpecification\",\"valueRequired\":true,\"valueName\":\"search_term_string\"}}],\"inLanguage\":\"ro-RO\"},{\"@type\":[\"Person\",\"Organization\"],\"@id\":\"https:\\\/\\\/officebucuresti.ro\\\/#\\\/schema\\\/person\\\/6d50bb9909d8fc05f239c4d1440ef0c3\",\"name\":\"office\",\"image\":{\"@type\":\"ImageObject\",\"inLanguage\":\"ro-RO\",\"@id\":\"https:\\\/\\\/officebucuresti.ro\\\/wp-content\\\/uploads\\\/2022\\\/08\\\/kisspng-search-engine-optimization-web-search-engine-googl-courses-osahub-5cb7d1792ed634.1374824015555505851919.png\",\"url\":\"https:\\\/\\\/officebucuresti.ro\\\/wp-content\\\/uploads\\\/2022\\\/08\\\/kisspng-search-engine-optimization-web-search-engine-googl-courses-osahub-5cb7d1792ed634.1374824015555505851919.png\",\"contentUrl\":\"https:\\\/\\\/officebucuresti.ro\\\/wp-content\\\/uploads\\\/2022\\\/08\\\/kisspng-search-engine-optimization-web-search-engine-googl-courses-osahub-5cb7d1792ed634.1374824015555505851919.png\",\"width\":2126,\"height\":2126,\"caption\":\"office\"},\"logo\":{\"@id\":\"https:\\\/\\\/officebucuresti.ro\\\/wp-content\\\/uploads\\\/2022\\\/08\\\/kisspng-search-engine-optimization-web-search-engine-googl-courses-osahub-5cb7d1792ed634.1374824015555505851919.png\"},\"sameAs\":[\"https:\\\/\\\/officebucuresti.ro\"]}]}<\/script>\n<!-- \/ Yoast SEO plugin. -->","yoast_head_json":{"title":"Servicii SEO - SERVICII SEO PRIMA PAGINA","description":"Dupa implementarea astestor masuri urmeaza monitorizarea progresului in obtinerea rezultatului serviciilor SEO implementate pentru a ajunge pe prima pagina in GOOGLE","robots":{"index":"index","follow":"follow","max-snippet":"max-snippet:-1","max-image-preview":"max-image-preview:large","max-video-preview":"max-video-preview:-1"},"canonical":"https:\/\/officebucuresti.ro\/?page_id=29","og_locale":"ro_RO","og_type":"article","og_title":"Servicii SEO - SERVICII SEO PRIMA PAGINA","og_description":"Dupa implementarea astestor masuri urmeaza monitorizarea progresului in obtinerea rezultatului serviciilor SEO implementate pentru a ajunge pe prima pagina in GOOGLE","og_url":"https:\/\/officebucuresti.ro\/?page_id=29","og_site_name":"SERVICII SEO PRIMA PAGINA","article_modified_time":"2024-03-31T07:09:41+00:00","twitter_card":"summary_large_image","twitter_misc":{"Timp estimat pentru citire":"2 minute"},"schema":{"@context":"https:\/\/schema.org","@graph":[{"@type":"WebPage","@id":"https:\/\/officebucuresti.ro\/?page_id=29","url":"https:\/\/officebucuresti.ro\/?page_id=29","name":"Servicii SEO - SERVICII SEO PRIMA PAGINA","isPartOf":{"@id":"https:\/\/officebucuresti.ro\/#website"},"datePublished":"2022-08-07T08:55:36+00:00","dateModified":"2024-03-31T07:09:41+00:00","description":"Dupa implementarea astestor masuri urmeaza monitorizarea progresului in obtinerea rezultatului serviciilor SEO implementate pentru a ajunge pe prima pagina in GOOGLE","breadcrumb":{"@id":"https:\/\/officebucuresti.ro\/?page_id=29#breadcrumb"},"inLanguage":"ro-RO","potentialAction":[{"@type":"ReadAction","target":["https:\/\/officebucuresti.ro\/?page_id=29"]}]},{"@type":"BreadcrumbList","@id":"https:\/\/officebucuresti.ro\/?page_id=29#breadcrumb","itemListElement":[{"@type":"ListItem","position":1,"name":"Prima pagin\u0103","item":"https:\/\/officebucuresti.ro\/"},{"@type":"ListItem","position":2,"name":"Servicii SEO"}]},{"@type":"WebSite","@id":"https:\/\/officebucuresti.ro\/#website","url":"https:\/\/officebucuresti.ro\/","name":"SERVICII SEO PRIMA PAGINA","description":"SEO PRIMA PAGINA pe GOOGLE 0786851242","publisher":{"@id":"https:\/\/officebucuresti.ro\/#\/schema\/person\/6d50bb9909d8fc05f239c4d1440ef0c3"},"potentialAction":[{"@type":"SearchAction","target":{"@type":"EntryPoint","urlTemplate":"https:\/\/officebucuresti.ro\/?s={search_term_string}"},"query-input":{"@type":"PropertyValueSpecification","valueRequired":true,"valueName":"search_term_string"}}],"inLanguage":"ro-RO"},{"@type":["Person","Organization"],"@id":"https:\/\/officebucuresti.ro\/#\/schema\/person\/6d50bb9909d8fc05f239c4d1440ef0c3","name":"office","image":{"@type":"ImageObject","inLanguage":"ro-RO","@id":"https:\/\/officebucuresti.ro\/wp-content\/uploads\/2022\/08\/kisspng-search-engine-optimization-web-search-engine-googl-courses-osahub-5cb7d1792ed634.1374824015555505851919.png","url":"https:\/\/officebucuresti.ro\/wp-content\/uploads\/2022\/08\/kisspng-search-engine-optimization-web-search-engine-googl-courses-osahub-5cb7d1792ed634.1374824015555505851919.png","contentUrl":"https:\/\/officebucuresti.ro\/wp-content\/uploads\/2022\/08\/kisspng-search-engine-optimization-web-search-engine-googl-courses-osahub-5cb7d1792ed634.1374824015555505851919.png","width":2126,"height":2126,"caption":"office"},"logo":{"@id":"https:\/\/officebucuresti.ro\/wp-content\/uploads\/2022\/08\/kisspng-search-engine-optimization-web-search-engine-googl-courses-osahub-5cb7d1792ed634.1374824015555505851919.png"},"sameAs":["https:\/\/officebucuresti.ro"]}]}},"_links":{"self":[{"href":"https:\/\/officebucuresti.ro\/index.php?rest_route=\/wp\/v2\/pages\/29","targetHints":{"allow":["GET"]}}],"collection":[{"href":"https:\/\/officebucuresti.ro\/index.php?rest_route=\/wp\/v2\/pages"}],"about":[{"href":"https:\/\/officebucuresti.ro\/index.php?rest_route=\/wp\/v2\/types\/page"}],"author":[{"embeddable":true,"href":"https:\/\/officebucuresti.ro\/index.php?rest_route=\/wp\/v2\/users\/1"}],"replies":[{"embeddable":true,"href":"https:\/\/officebucuresti.ro\/index.php?rest_route=%2Fwp%2Fv2%2Fcomments&post=29"}],"version-history":[{"count":16,"href":"https:\/\/officebucuresti.ro\/index.php?rest_route=\/wp\/v2\/pages\/29\/revisions"}],"predecessor-version":[{"id":156,"href":"https:\/\/officebucuresti.ro\/index.php?rest_route=\/wp\/v2\/pages\/29\/revisions\/156"}],"wp:attachment":[{"href":"https:\/\/officebucuresti.ro\/index.php?rest_route=%2Fwp%2Fv2%2Fmedia&parent=29"}],"curies":[{"name":"wp","href":"https:\/\/api.w.org\/{rel}","templated":true}]}}